44. What is z(-14)?
-10
Let a(h) = -h**2 - 81*h - 828. Give a(-12).
0
Let q(y) = 11*y**2 + 661*y + 23. Determine q(-60).
-37
Let i(v) = 35*v**2 - 12*v - 32. Give i(-3).
319
Let n(r) = -3*r**3 - 5*r**2 + 8*r - 5. Calculate n(3).
-107
Let y(t) = -t**3 - 13*t**2 + 70*t - 10. What is y(4)?
-2
Let g(s) = 8*s**2 - 358*s - 74. Calculate g(44).
-338
Let c(n) = -n**3 - 32*n**2 - 21*n + 281. Determine c(-31).
-29
Let i(t) = -292*t + 4112. Calculate i(14).
24
Let b(g) = g**2 + 19*g - 200. Determine b(-26).
-18
Let j(x) = -52*x + 5305. What is j(102)?
1
Let y(x) = -44615*x - 89223. What is y(-2)?
7
Let w(j) = 154*j - 2931. Determine w(19).
-5
Let j(m) = -1421*m - 4427. Determine j(-3).
-164
Let w(q) = 10843*q + 43374. Calculate w(-4).
2
Let n(j) = 2*j**3 - 5*j**2 + 33*j + 77. What is n(-2)?
-25
Let s(i) = -73*i - 3247. Determine s(-45).
38
Let b(s) = 3*s**3 - 22*s**2 + 4*s + 33. Determine b(5).
-122
Let v(h) = -90*h + 522. Give v(6).
-18
Let z(v) = 7*v**2 - 84*v + 245. What is z(5)?
0
Let k(u) = 4*u - 54. Calculate k(15).
6
Let g(r) = -r**3 + 19*r**2 + 102*r + 369. Determine g(24).
-63
Let u(h) = -405*h + 1612. Give u(4).
-8
Let b(j) = -100*j + 909. What is b(9)?
9
Let g(c) = -c**2 - 13*c + 33. Calculate g(-16).
-15
Let l(c) = -22*c**2 + 94*c + 58. Calculate l(5).
-22
Let j(c) = 18*c + 435. Calculate j(-43).
-339
Let t(j) = -2*j**3 + 22*j**2 - 19*j + 43. Determine t(10).
53
Let d(w) = w**2 + 65*w - 166. What is d(-68)?
38
Let m(y) = -6*y**3 - 68*y**2 - 202*y - 61. Calculate m(-6).
-1
Let k(x) = -25*x + 283. Calculate k(0).
283
Let o(u) = -2*u**3 - 28*u**2 - 29*u - 778. Calculate o(-15).
107
Let d(c) = c + 12. Give d(13).
25
Let w(p) = -69*p**3 - 265*p**2 + 48*p + 16. Calculate w(-4).
0
Let t(a) = 224*a + 3593. Determine t(-16).
9
Let b(z) = 4*z**2 - 3*z - 4. Give b(-2).
18
Let n(a) = -19*a**2 - 2944*a + 3120. Calculate n(-156).
0
Let v(m) = -17906*m - 196954. Calculate v(-11).
12
Let i(z) = -68*z**2 - 31*z + 2. Determine i(0).
2
Let r(f) = 64*f - 218. Give r(-6).
-602
Let y(p) = -p**3 + 2*p**2 + 4*p - 21. Give y(4).
-37
Let f(x) = -174*x - 963. Determine f(-7).
255
Let k(q) = q**3 - 17*q**2 + 91*q - 503. Calculate k(13).
4
Let a(q) = -q**2 + 24*q - 21. Determine a(11).
122
Let z(c) = 1156*c - 188441. Determine z(163).
-13
Let y(g) = -172*g - 1201. What is y(-7)?
3
Let d(x) = -x**2 - 50*x - 534. What is d(-16)?
10
Let l(u) = 10*u**2 - 362*u + 63. Determine l(36).
-9
Let h(s) = -2*s**2 + 25*s - 85. Calculate h(9).
-22
Let u(r) = 2517*r - 17609. Calculate u(7).
10
Let t(u) = 5*u**3 - 129*u**2 - 13*u - 2. What is t(26)?
336
Let j(x) = -5*x**2 + 3*x + 46. Give j(7).
-178
Let f(y) = -46*y - 1882. Calculate f(-41).
4
Let m(c) = 2*c**2 + 14*c - 32. Give m(2).
4
Let o(m) = 21*m**3 - 6*m**2 + 34*m - 74. What is o(3)?
541
Let b(l) = 2*l**2 - 70*l + 338. What is b(29)?
-10
Let t(r) = r**3 + 10*r**2 - 17*r + 5. What is t(-12)?
-79
Let h(y) = 9*y**3 - 60*y**2 - 24*y + 13. Determine h(7).
-8
Let x(d) = 42*d**3 + 4*d**2 - 12*d - 16. Give x(-1).
-42
Let x(n) = -2*n**2 + 59*n + 700. Give x(38).
54
Let d(s) = -s**3 - 11*s**2 + 21*s - 5. Give d(-11).
-236
Let m(x) = x**3 - 57*x**2 - 63*x + 281. Calculate m(58).
-9
Let z(x) = x**2 - 29*x - 601. What is z(-15)?
59
Let c(w) = w**3 + 11*w**2 - 14*w - 12. Calculate c(-12).
12
Let m(u) = u**3 - 11*u**2 + 18*u - 14. Determine m(9).
-14
Let m(h) = 8*h**2 - 198*h + 161. Determine m(24).
17
Let g(f) = 3*f - 72. Determine g(2).
-66
Let c(u) = u**3 - 65*u**2 + 4*u - 102. What is c(65)?
158
Let x(l) = 52*l - 526. Determine x(10).
-6
Let s(x) = -x**3 + 22*x**2 - 117*x + 15. What is s(8)?
-25
Let m(d) = -451*d - 20288. Determine m(-45).
7
Let d(g) = 15*g - 8. What is d(-4)?
-68
Let o(s) = s**2 + 44*s + 86. What is o(-26)?
-382
Let g(d) = 67*d + 382. Calculate g(3).
583
Let x(k) = -29*k**2 + 69*k + 2. Give x(2).
24
Let c(d) = -d**3 + 3*d**2 + 232*d - 1295. What is c(6)?
-11
Let v(j) = 342*j + 10. Calculate v(0).
10
Let g(f) = -67*f**2 + 1133*f + 93. Determine g(17).
-9
Let r(h) = -3*h**2 - 14*h + 41. Calculate r(2).
1
Let o(n) = 14*n + 322. Determine o(0).
322
Let m(l) = 219*l - 1204. Determine m(6).
110
Let g(k) = 20*k**3 + 2*k**2 - 4*k + 26. Calculate g(3).
572
Let b(a) = 138*a**2 + 21390*a - 2. Calculate b(-155).
-2
Let k(z) = -5*z**3 + 63*z**2 - 126*z - 34. Calculate k(10).
6
Let j(g) = 2*g**3 + 15*g**2 - 64*g - 124. What is j(-10)?
16
Let u(w) = 5*w**2 + 78*w - 418. Calculate u(6).
230
Let w(u) = -u**3 - 35*u**2 + u - 40. Determine w(-35).
-75
Let a(x) = 8*x**2 + 7*x - 10. What is a(2)?
36
Let k(v) = 1537*v - 58410. Give k(38).
-4
Let r(p) = -41*p + 713. Calculate r(18).
-25
Let r(f) = -4*f**2 + 59*f + 10. What is r(15)?
-5
Let c(n) = 195*n + 7231. Give c(-37).
16
Let z(o) = -18*o**3 - 200*o**2 - 14*o - 39. Calculate z(-11).
-127
Let a(f) = 6*f**3 - 3*f**2 + 11*f - 21. Determine a(2).
37
Let n(q) = -46*q + 121. What is n(4)?
-63
Let n(x) = 298*x + 36054. What is n(-121)?
-4
Let p(w) = -w**2 + 71*w - 342. Give p(57).
456
Let b(j) = -j**2 - 48*j + 3396. Give b(-87).
3
Let g(k) = 12*k - 279. What is g(23)?
-3
Let d(t) = -t**2 - 181*t + 4897. Determine d(-205).
-23
Let l(i) = -4*i - 189. What is l(-22)?
-101
Let t(u) = u**3 + 27*u**2 + 50*u - 3. Determine t(-25).
-3
Let l(f) = f**3 + 15*f**2 + 46*f + 62. Determine l(-12).
-58
Let s(m) = 371*m + 148. Calculate s(-1).
-223
Let p(h) = 13*h**3 - h**2 + 1. Calculate p(1).
13
Let j(h) = -385*h + 1336. Calculate j(6).
-974
Let q(a) = -a**3 - 34*a**2 + 466*a - 255. Give q(10).
5
Let n(b) = -b**3 - 3*b**2 - 4*b - 9. Calculate n(0).
-9
Let p(u) = -u**3 + 13*u**2 + 122*u - 1581. Calculate p(13).
5
Let g(k) = k**2 - 1840*k + 12854. Determine g(7).
23
Let a(w) = 239*w**2 + 22467*w + 95. What is a(-94)?
1
Let r(i) = i**3 + 25*i**2 - 41*i + 26. Calculate r(-27).
-325
Let n(r) = r**2 - 139. Determine n(12).
5
Let g(x) = 2*x**3 - 90*x**2 - 94*x + 89. Give g(46).
-3
Let t(u) = -u**2 + 26*u + 142. Give t(-5).
-13
Let m(o) = 6116*o - 85625. What is m(14)?
-1
Let h(d) = 8*d - 250. What is h(31)?
-2
Let v(d) = 108*d + 136. Give v(-5).
-404
Let u(w) = -w**3 + 21*w**2 - 142*w + 77. Give u(13).
-417
Let v(b) = -b**3 + 18*b**2 + 400*b + 75. Determine v(31).
-18
Let q(f) = -3*f**2 - 294*f - 899. What is q(-3)?
-44
Let b(q) = -50*q - 649. Determine b(-13).
1
Let f(c) = -7*c**3 - 6*c**2 - 129*c - 124. Calculate f(-1).
6
Let f(m) = -m**3 - 6*m**2 + 8*m - 13. What is f(-7)?
-20
Let l(c) = -10664*c - 63981. Calculate l(-6).
3
Let p(o) = -2*o**2 - 20*o + 308. Calculate p(8).
20
Let u(q) = q**2 + 294*q + 21472. What is u(-159)?
7
Let l(g) = 9*g**2 - 7*g - 12. What is l(5)?
178
Let x(d) = -d**3 - 9*d**2 + 29*d + 17. What is x(-11)?
-60
Let z(l) = -2*l**3 - 5*l**2 - 4*l + 15. Give z(-5).
160
Let w(a) = -a + 7. What is w(-13)?
20
Let d(c) = -c**2 - 5*c + 157. Calculate d(-14).
31
Let t(v) = v**3 + 26*v**2 - 31*v + 3. What is t(-27)?
111
Let u(n) = 73*n**2 - 66*n - 6. What is u(2)?
154
Let o(f) = f**2 + 37*f - 404. Determine o(-46).
10
Let k(z) = z**3 + 9*z**2 + 18*z - 9. What is k(-8)?
-89
Let q(x) = -79*x + 9397. Give q(119).
-4
Let u(m) = -7*m**2 + 22*m - 53. Determine u(-7).
-550
Let p(b) = b**3 - 30*b**2 - 61*b - 309. What is p(32)?
-213
Let p(s) = -4*s**2 - 139*s + 174. Give p(-36).
-6
Let l(u) = 12*u - 135. Give l(30).
225
Let u(w) = w**2 - 336*w + 2305. Calculate u(7).
2
Let b(d) = -129*d + 2217. Calculate b(18).
-105
Let m(k) = k**3 + 8*k**2 + 14*k + 106. Determine m(-8).
-6
Let x(i) = 3*i**2 + 129*i + 387. Give x(-3).
27
Let z(v) = v**2 + 748*v. Calculate z(0).
0
Let o(w) = -215*w - 224. Determine o(-1).
-9
Let j(l) = 21*l**2 - 202*l + 404. Give j(2).
84
Let h(a) = 2*a**2 - 128*a - 3353. Give h(84).
7
Let l(b) = 4*b - 106. Calculate l(24).
-10
Let g(q) = 186*q - 2760. Calculate g(15).
30
Let u(y) = y**3 - 62*y**2 + 388*y - 13. Give u(7).
8
Let u(n) = 26*n + 34. Give u(5).
164
Let v(u) = 355*u - 264. What is v(1)?
91
Let l(c) = -c**3 - 7*c**2 + 83*c + 582. Determine l(-7).
1
Let h(f) = -18*f - 304. What is h(-20)?
56
Let d(x) = -x**3 - 20*x**2 + 158*x + 62. What is d(-26)?
10
Let z(k) = 454*k + 4. Calculate z(0).
4
Let l(u) = -u**3 + 26*u**2 - 28*u + 49. Give l(25).
-26
Let y(n) = -n**3 + 45*n**2 + 52*n - 265. Determine y(46).
11
Let m(d) = d**3 - 10*d**2 + 76*d + 19. Determine m(8).
499
Let b(z) = -9*z**2 + 59*z